+ 12 = d. Suppose 2*j - 96 = -j. What is the remainder when j is divided by d?
15
Let t(w) = -w**2 - 2*w - 6. Let j be t(-10). Let d be j/(-8) - (-21)/(-28). What is the remainder when 13 is divided by 4*2/(-4) + d?
5
What is the remainder when 322 + (-1 - 2) - (-30 - -27) is divided by 47?
40
Let k = 1879 - -649. Calculate the remainder when k is divided by 115.
113
Let o(x) = x**3 - 10*x**2 - 9*x - 12. Suppose -30*f - 84 = -474. Calculate the remainder when f is divided by o(11).
3
Let d(q) = -q**2 + 5*q + 1. Let x be d(7). Let a = 3 - x. Suppose 0 = 5*g - 5*f - 156 - 99, 0 = 4*g + f - 184. Calculate the remainder when g is divided by a.
15
Let k be 12/(-14)*(-14)/3. Let x = -11 - -30. What is the remainder when x is divided by (-4 + 2/k)*-2?
5
Suppose 2*d - 4 = b - 2, -5*b + 50 = 5*d. What is the remainder when 40 is divided by b?
4
What is the remainder when 401 is divided by (-31)/(25 + -31 - -1*5)?
29
Suppose -37 = -3*j + 38. Calculate the remainder when j is divided by 8.
1
Let l = 4 - 0. Suppose 0 = -2*c + 4*o + 224, 5*c - l*o - 613 = -77. Calculate the remainder when c is divided by 21.
20
Let g(o) = -2*o**3 - 57*o**2 + 19*o + 183. What is the remainder when 1423 is divided by g(-29)?
4
Let l(v) = -3*v**2 + 67*v - 1. Let o = 15 - 9. What is the remainder when l(22) is divided by o?
3
Suppose -2*z = 26 - 106. Let r = z + 4. Suppose 4*w - 20 = -o + 11, 7 = o - 2*w. Calculate the remainder when r is divided by o.
14
Let p(o) = o**3 - 17*o**2 + 15*o + 85. Calculate the remainder when p(16) is divided by (1*-5)/((-2)/4).
9
Suppose 3*g + 94 = -5*p + 1232, 3*g - 1134 = -3*p. Calculate the remainder when g is divided by 29.
28
Let v = 34 - -119. Let d = -6381 + 6412. What is the remainder when v is divided by d?
29
Calculate the remainder when 22 is divided by (-56)/1008 + (-273)/(-54).
2
Suppose 4*t + 4*m - 21 = -5, 0 = 2*m - 4. Let w be 700/8 + 1/t. Suppose -5*n + 5*q + w = -n, 4*q + 16 = 0. What is the remainder when n is divided by 6?
5
Let o be 30/(-20) - 67/(-2). Suppose 3*m - o = m. What is the remainder when 110 is divided by m?
14
Let n be 99/(-5) + (-2)/10. Suppose -42 = -4*a - 118. Let m = a - n. What is the remainder when 1 is divided by m?
0
Suppose 3*a = 4*y - 259, a + 66 = 3*y - 2*y. Calculate the remainder when 302 is divided by y.
58
Calculate the remainder when 589 is divided by -59*(-4 + (6 - 3)).
58
Suppose j = 6*j + 15, 4*j = 4*o + 172. Let s = -26 - o. Suppose -25 = -c + 13. Calculate the remainder when c is divided by s.
18
Let g be (2 + 0 + -2)*-1. Suppose g = -2*t + 70 + 30. Calculate the remainder when t is divided by 2/(-12) + (-785)/(-30).
24
Let z = 41 - 39. Suppose z*i - 39 = 1. Calculate the remainder when i is divided by 11.
9
Let y(r) = r**2 + 7*r - 5. Let a be y(2). Suppose 0 = -a*w + 5*w + 240. Calculate the remainder when w is divided by 9.
3
Let d = -27 + 48. Calculate the remainder when d is divided by (46 - 58)/((-27)/36).
5
Let v = -347 + 741. Calculate the remainder when v is divided by 36.
34
Let w(h) = -h + 2. Let o(y) = -7*y**2 - 3*y + 2. Let z be o(2). Let n = 19 + z. Calculate the remainder when 27 is divided by w(n).
12
Let v = 39 + 6. Let y be (-12 - -12) + (3 - 0). Suppose 5*l - 2*a - 116 = -a, 3*a = -y. Calculate the remainder when v is divided by l.
22
Let a = 22 - -3. Suppose -2*x + a = -3. What is the remainder when 27 is divided by x?
13
Let v(n) = -2*n**3 - 2*n**2 + 3*n - 51. What is the remainder when v(-4) is divided by 12?
9
Let s(c) = c**2 - 3*c - 3. Suppose 0 = -0*a + 5*a - 10. Suppose -a*k + k = -4. What is the remainder when 2 is divided by s(k)?
0
Let h(j) = j**3 - 10*j**2 - 9*j - 4. Let b be (-2 - (3 + -3))*(-22)/4. Calculate the remainder when 69 is divided by h(b).
15
Let o(v) = -v**3 + 17*v**2 + 2*v - 25. Let t be o(17). Let k = t - -9. Calculate the remainder when 30 is divided by k.
12
Let x = 6 - -4. Suppose 2*g + 250 = 5*q - 2*q, 0 = -q + 2*g + 78. What is the remainder when q is divided by x?
6
Suppose 7 + 5 = 3*m. Let t(c) = -2*c + 2*c + m + 0*c + c. What is the remainder when 10 is divided by t(0)?
2
Suppose 0 = -4*p + 22 + 82. Let f = p + -2. Suppose 0 = h - 3*v - 89, 5*h - 2*v - 481 = -5*v. What is the remainder when h is divided by f?
23
Suppose 0*n + 3*n = 12. Suppose -n*p - p + 125 = 0. Let c = -366 + 370. Calculate the remainder when p is divided by c.
1
Let w be ((-1)/(-3) + -3)*6/4. Let d(i) = 2*i**2 + 2*i - 7. What is the remainder when 83 is divided by d(w)?
15
Suppose -33*o = -31*o - 18. Calculate the remainder when o is divided by 4.
1
Let q be 3/(-24)*-18*-24. Let s = q - -76. Calculate the remainder when s/((-4)/30*-5) is divided by 18.
15
Suppose -41 = f + 4*w, -f + 3*w = -2*w + 32. Let c = f - -48. What is the remainder when 50 is divided by c?
6
Suppose -43 - 7 = -d. Suppose 104 + d = 11*s. What is the remainder when s is divided by 3?
2
Suppose 0 = 24*w - 20*w. Suppose 0 = 3*y - w - 3. What is the remainder when 4 is divided by y?
0
Suppose f = 1011 - 991. Calculate the remainder when 276 is divided by f.
16
What is the remainder when (2/(-7))/((-2)/791) is divided by 29?
26
Let i(q) = -6*q + 1. Let p be i(-4). Suppose -p - 115 = -u. Suppose -v + u = 3*v. Calculate the remainder when v is divided by 9.
8
Suppose -17*w - 240 = -22*w. Calculate the remainder when 190 is divided by w.
46
Let d(v) = v**3 + v + 1. Let f be 177/(9/3) - 1. Let c = f + -37. What is the remainder when c is divided by d(2)?
10
Let j = -39 - -73. Suppose -7 = n - b, -5*n - 5*b - j = 11. What is the remainder when (-86)/n + 11/44 is divided by 4?
3
Let c = 1363 + -1290. What is the remainder when c is divided by 10?
3
Calculate the remainder when 5*-2 + 12 + 393 is divided by 21.
17
Let p(o) = 2*o - 5. Let k(i) = -i**3 + 14*i**2 + 4*i - 5. Let r be k(14). Suppose 0 = j - r - 23. What is the remainder when j is divided by p(10)?
14
Let p(o) = -15*o + 3. Let k(n) = -1. Let b(c) = -2*k(c) - p(c). Calculate the remainder when 38 is divided by b(1).
10
What is the remainder when 88 is divided by (-3 - -2)*-14*1?
4
Let b(y) = 3*y**2 + 2*y - 7. Let v(t) = -t**3 + 11*t**2 + 12*t - 3. Let r be v(12). Calculate the remainder when 25 is divided by b(r).
11
Let h be (754/13)/((-1)/4). Let o = h + 333. Calculate the remainder when o is divided by 17.
16
Suppose 7*l + 4*k + 24 = 2*l, -l - k - 4 = 0. Suppose -27 = -2*y - y. What is the remainder when y is divided by -1 + -2*20/l?
1
Suppose 0 = 18*o + 5*o - 1104. What is the remainder when 187 is divided by o?
43
Calculate the remainder when (-280)/16*(1 + 279/(-15)) is divided by 64.
52
What is the remainder when 276*(-12)/54*-3 is divided by 37?
36
Suppose 2*r - 40 = -2*t, t - 1 - 3 = 0. Suppose r = u - 36. Suppose 68 = 4*b - 2*a, -4*a - 4 = -2*b + 24. What is the remainder when u is divided by b?
16
Let v(h) = h. Let s be v(3). Let a = -259 + 481. Suppose 5*p - q = a, 2*q - s*q = 5*p - 228. What is the remainder when p is divided by 12?
9
Let z = -12 - -20. Let s be (-868)/(-49) + (-4)/(-14). What is the remainder when z is divided by 3/(-5) + s/5?
2
Calculate the remainder when 54/135 - (-526)/10 is divided by 16.
5
Let m = 162 + -150. Let z(v) = v - 1. Let c be z(4). Suppose 0 = a - c*a, -5*o + 105 = 5*a. Calculate the remainder when o is divided by m.
9
Let m(u) = 8*u**2 + 29*u - 106. What is the remainder when m(-13) is divided by 58?
57
Let z(l) = -5*l + 1. Suppose 4*i + i = -20. Let v(m) = 29*m - 482. What is the remainder when v(18) is divided by z(i)?
19
Calculate the remainder when (-2)/3 - (-720)/27 is divided by 15.
11
Let k(l) = l**2 + 4*l - 2. Let z be (-7)/(-4)*(-2 + -2). Calculate the remainder when 53 is divided by k(z).
15
Let n = -68 + 87. Calculate the remainder when 37 is divided by n.
18
Let q(m) = -m**3 + 3*m**2 + 5*m + 1. Suppose -4 = 7*c - 3*c. Calculate the remainder when (-15)/c + 2 + 0 is divided by q(4).
2
Suppose -57 = -6*m + 3*m. Suppose 7 = g - r, 3*g + 2*r - m = 6*r. Let i = -183 + 218. Calculate the remainder when i is divided by g.
8
Let p = -60 - -203. What is the remainder when p is divided by 33?
11
Let w(o) = 53*o + 23. Calculate the remainder when w(2) is divided by 74.
55
Let y(a) be the first derivative of 5*a**3/3 - 5*a**2/2 + 5*a + 24. Calculate the remainder when y(3) is divided by 12.
11
Suppos